ghest common factor of 65800 and 6494600?
1400
What is the greatest common factor of 16624 and 41872?
16
What is the highest common divisor of 1126467648 and 59?
59
Calculate the greatest common divisor of 23477122 and 19.
19
What is the highest common divisor of 20519 and 57511?
289
Calculate the highest common divisor of 2250107 and 305.
61
What is the greatest common factor of 3520575 and 1850?
25
What is the highest common factor of 172777 and 341?
11
What is the greatest common factor of 83860367 and 23597?
3371
What is the highest common factor of 1148 and 268304?
164
What is the greatest common factor of 496 and 5166064?
16
Calculate the greatest common factor of 13959 and 1227123.
1269
Calculate the highest common factor of 296839 and 2727.
101
What is the greatest common divisor of 93699 and 60813?
261
Calculate the highest common divisor of 417 and 41186673.
417
What is the highest common divisor of 35814376 and 564?
188
What is the highest common divisor of 70 and 48071940?
70
What is the highest common factor of 130 and 1763030?
10
Calculate the highest common factor of 1044551 and 1015.
29
Calculate the highest common divisor of 25403243 and 1124.
281
What is the highest common divisor of 6406 and 766564381?
3203
What is the highest common divisor of 33187 and 23439504?
4741
Calculate the greatest common factor of 120290 and 12630.
10
What is the greatest common factor of 1017135 and 53865?
315
What is the greatest common factor of 20963352 and 25494?
3642
What is the highest common divisor of 68783 and 907023?
169
Calculate the greatest common divisor of 7625160 and 11370.
30
Calculate the greatest common divisor of 16 and 7528012.
4
What is the highest common factor of 518843 and 62595?
1391
Calculate the greatest common divisor of 165114 and 1152.
18
Calculate the highest common divisor of 751 and 14442481.
751
What is the highest common divisor of 768 and 17493248?
256
Calculate the greatest common factor of 4878204 and 42.
6
Calculate the greatest common factor of 65396664 and 72.
72
What is the greatest common divisor of 188320302 and 486?
162
Calculate the greatest common divisor of 1460 and 764558930.
730
Calculate the highest common divisor of 99 and 3318048.
9
What is the greatest common factor of 10614 and 80503652?
3538
What is the greatest common factor of 2420892227 and 7033?
7033
Calculate the greatest common divisor of 515251178 and 13.
13
What is the highest common factor of 461435305 and 485?
485
What is the highest common factor of 522 and 14590683?
261
Calculate the greatest common divisor of 1931284 and 5220.
116
What is the highest common divisor of 6561 and 24093?
9
What is the highest common factor of 19 and 19052839?
19
Calculate the greatest common factor of 248 and 3298028.
124
Calculate the greatest common factor of 84240044 and 5943.
1981
What is the greatest common divisor of 4272 and 6583419?
267
Calculate the highest common factor of 1074 and 3892351062.
1074
Calculate the highest common divisor of 267852690 and 285.
285
What is the greatest common factor of 101784672 and 1254?
1254
What is the greatest common divisor of 2564563 and 511?
73
Calculate the highest common divisor of 113985 and 159426.
153
Calculate the highest common divisor of 10716668 and 16.
4
What is the highest common factor of 9778 and 20431131?
4889
What is the greatest common factor of 29793 and 276?
3
What is the highest common factor of 124704 and 105696?
288
Calculate the highest common divisor of 208294 and 1138.
2
What is the greatest common factor of 34409 and 53219?
19
What is the greatest common divisor of 23673465 and 735?
15
What is the greatest common factor of 165415 and 45?
5
What is the highest common factor of 146607629 and 133?
133
Calculate the highest common factor of 459 and 71235729.
153
Calculate the highest common divisor of 5050916 and 169.
13
Calculate the greatest common divisor of 2535 and 17814810.
195
Calculate the highest common factor of 19257861 and 42.
21
What is the greatest common factor of 170905 and 77?
7
What is the highest common divisor of 131531 and 12257?
103
Calculate the highest common divisor of 142 and 246754181.
71
Calculate the greatest common factor of 5934327 and 56.
7
What is the greatest common divisor of 68 and 51078999?
17
What is the highest common divisor of 83968 and 23328?
32
Calculate the greatest common divisor of 420 and 6781440.
60
What is the highest common divisor of 48856917 and 2472?
309
What is the greatest common divisor of 667580 and 39063?
29
What is the highest common factor of 593852 and 2380?
28
What is the highest common factor of 174322 and 2647262?
4054
Calculate the greatest common divisor of 12595450 and 110558.
742
What is the highest common factor of 648855 and 2205?
45
Calculate the greatest common divisor of 12799 and 447.
1
Calculate the greatest common factor of 3030 and 810570.
30
What is the highest common divisor of 468611 and 6931?
29
Calculate the highest common divisor of 9852200 and 1400.
200
What is the greatest common divisor of 311746 and 41347?
173
Calculate the highest common divisor of 1114640 and 152320.
80
Calculate the highest common divisor of 518536011 and 387.
129
Calculate the highest common factor of 34445012 and 2996.
2996
What is the greatest common factor of 42796 and 22282?
26
What is the greatest common factor of 50 and 1888330?
10
Calculate the highest common factor of 29995010 and 590.
590
Calculate the highest common factor of 246355 and 18415.
145
Calculate the highest common divisor of 85 and 20893735.
5
What is the greatest common divisor of 43919112 and 84?
12
What is the greatest common factor of 345047508 and 13?
13
What is the greatest common factor of 43509731 and 5350?
107
Calculate the greatest common divisor of 581 and 119008803.
83
Calculate the highest common factor of 212956910 and 1370.
1370
Calculate the greatest common divisor of 12282 and 130830.
534
Calculate the highest common factor of 30569 and 30224404.
2779
What is the greatest common factor of 119044593 and 466?
233
What is the greatest common factor of 8381 and 346511?
289
What is the greatest common factor of 40430 and 87360?
130
What is the highest common factor of 2147075 and 385?
35
What is the greatest common divisor of 498390410 and 241?
241
Calculate the highest common divisor of 105742975 and 975.
325
What is the greatest common divisor of 92 and 117642010?
46
Calculate the greatest common factor of 4649792 and 21952.
448
Calculate the greatest common factor of 6428 and 3915995452.
6428
What is the highest common divisor of 696 and 7250568?
24
What is the greatest common factor of 304847316 and 27630?
5526
Calculate the highest common factor of 5859 and 654596.
31
Calculate the highest common divisor of 12418380 and 10.
10
What is the greatest common divisor of 1592 and 58120?
8
Calculate the highest common divisor of 13654902 and 18.
6
What is the greatest common divisor of 350 and 1024030?
70
What is the greatest common divisor of 72333 and 19342521?
423
Calculate the highest common divisor of 4266 and 13718034.
1422
What is the greatest common divisor of 56 and 2321123?
7
What is the highest common factor of 1969380 and 1330?
70
Calculate the greatest common factor of 1254 and 10470064.
418
Calculate the highest common factor of 691972044 and 12.
12
Calculate the greatest common divisor of 55360 and 4442560.
320
What is the greatest common factor of 305668 and 1408?
44
Calculate the greatest common factor of 136 and 734799041.
17
Calculate the greatest common divisor of 956 and 14828.
4
What is the greatest common divisor of 219403513 and 7?
7
What is the highest common divisor of 778710 and 25250?
1010
What is the greatest common divisor of 783465 and 2945?
95
What is the greatest common factor of 159381553 and 4795?
137
What is the highest common factor of 208 and 34055632?
208
Calculate the highest common factor of 1252668 and 106.
2
Calculate the greatest common factor of 4103 and 1363.
1
Calculate the greatest common divisor of 772 and 1658632.
4
What is the highest common divisor of 2286476 and 264132?
2668
What is the highest common divisor of 1365151 and 2291583?
2227
What is the greatest common divisor of 251250 and 3